3 - (0 - -10 - (24 + -4) - -1).
6
Calculate (12 - 6) + -11 + -6 - -28.
17
What is (-1 - (57 + -33)) + 22?
-3
Calculate 8 + -10 + (4 - 4) + -3 - 4.
-9
Calculate (-7 - 1) + 7 + (-14 - (2 + 1)).
-18
Calculate -3 - (5 - (2 + -11 + (8 - -18))).
9
Calculate 5 + -12 - (-24 - ((-4 - 3) + 2)).
12
What is the value of 1 + ((-7 - -4) + 7 + 4 - 15)?
-6
What is the value of 10 + -15 + 8 + 12?
15
(1289 - 1292) + (0 + 0 - -1)
-2
Calculate -5 + -46 + 20 + 14.
-17
Evaluate -18 + (-12 + -2 - (-180 + 148)).
0
Calculate -13 - ((18 - -23) + -27).
-27
What is 9 - (19 + 13 + -15)?
-8
0 - -2 - (191 + -183)
-6
Evaluate (8 + -4 + -7 - 4) + 0.
-7
Calculate -1 - (-60 - -13 - -31).
15
Evaluate 6 + 18 + -8 - 14.
2
What is (8 - (-4 + 8)) + 6 + -12?
-2
Evaluate (-3 - 4) + -1 + (69 - 69).
-8
Evaluate 5 - (-5 + 13 + -8 + 1 + -1).
5
Evaluate -2 - -6 - -15 - (-5 + (18 - 8)).
14
Evaluate (9 - 8 - -1) + 6.
8
Evaluate 5 + 23 + -3 + (9 + -9 - 9).
16
Evaluate 15 + 10 + (-10 - -5) + -5.
15
2 + 9 - (-22 - (-16 - 9))
8
(-2 - 0) + 1 + (1 - (0 - -4))
-4
What is -6 - (6 - ((4 - -1) + -4))?
-11
What is the value of -13 - (-9 - 1) - (-11 - -22)?
-14
What is 2 + -5 - (-3 - 0 - 5)?
5
0 + -9 + 12 + 4 + -16
-9
What is the value of 9 + (10 - (12 + (-9 - -4))) + -7?
5
Calculate (-5 - (-2 - -9)) + 14.
2
Evaluate (2 - (0 - (3 + -2))) + 3 + -13.
-7
Calculate -7 - (17 + -1 - (34 + -22)).
-11
What is 5 + (21 - (-4 - (12 - 26)))?
16
What is (4 - -1) + 0 + (625 - 612)?
18
Calculate 4 + -4 + -29 + 57.
28
What is 37 - (14 + 8) - -2?
17
Calculate -31 - (-15 - (23 + -24)).
-17
What is 18 + (-4 - -6) - 15?
5
What is the value of 12 + -1 - ((2 - -3) + (-27 - -20))?
13
What is the value of (-40 - 3) + (-8 - -31)?
-20
Evaluate (-10 - (-15 + 4)) + -9.
-8
What is -21 + -2 + 15 + (-5 + -5 - -6)?
-12
What is (6 - 23) + (26 - 3)?
6
What is -2 + 2 + 6 - 9?
-3
-19 - ((39 - 39) + (-2 - 2))
-15
What is the value of 7 + 4 + (-6 - -1)?
6
What is 7 + (2 - 6) - (-2 - 12)?
17
What is the value of -10 + (-178 - -185 - (7 + 1))?
-11
What is the value of -8 + 1 + -6 + (1 - -12) + -2?
-2
(3 - 42) + 41 + 7 + 0
9
What is (7 - (-1 + 1)) + -17 + -6 + 7?
-9
Evaluate -21 - -9 - -11 - (3 + -11).
7
What is -45 + 45 - ((-2 - -3) + (7 - -3))?
-11
3 + (11 - 8) + -9
-3
What is 18 + (-22 - (10 + 3 - 15))?
-2
What is the value of (-38 - -1) + (36 - (17 - -7))?
-25
What is the value of 3 + -16 + (-1 - -8) + -15?
-21
-73 + (59 - (12 - -5))
-31
What is (-10 - (-4 - -3)) + 7?
-2
(0 - 6) + 14 + -1 - (33 + 1)
-27
Calculate 71 + -75 + (-8 - -22).
10
What is 8 + (9 - 20) + 1 + -4?
-6
14 - (-39 + 23 - -30)
0
What is (28 - 44) + (16 - 5)?
-5
(11 + -6 + -12 - 7) + 3
-11
Evaluate (3 - -1) + -22 + (-2 - (-8 - -3)).
-15
Calculate 11 - (-17 + 17 + 8).
3
Calculate (5 + 9 - 7) + -5.
2
Calculate 0 - (-20 - -1 - (149 + -159)).
9
What is 32 + -40 + -3 + 19?
8
Evaluate (1 - 13) + 11 + 27 + -42.
-16
Evaluate 1 - ((32 - (14 + -6)) + -2).
-21
Calculate 5 + 3 - (-10 - (9 - 6)).
21
What is the value of 8 + (5 - (2 - -17))?
-6
Calculate -258 - -258 - (2 - -1).
-3
Calculate (-1 - (-3 + 13 + (29 - 44))) + 21.
25
What is the value of (-11 - (-1 + 0)) + (-309 - -327)?
8
What is 36 + -1 - (-11 - -11 - -21 - 17)?
31
3 + 8 + -14 + -25
-28
Calculate 15 + -43 + 1 + 21.
-6
Calculate -1 + (20 - -2) + -23.
-2
Evaluate -8 - (6 + -19) - 14.
-9
What is (22 - 1) + -16 + -12?
-7
What is -3 + 7 + -3 + (-9 + 3 - 2)?
-7
Calculate -58 + 46 + 1 + (1 + 4 - 0).
-6
Calculate (-6 - (-6 - 17)) + (-1 - 7).
9
What is (-5 - (2 + 0 - (-4 + 33))) + -5?
17
What is the value of 13 + (-6 + 16 - (3 + 2))?
18
Evaluate -17 + 0 - (456 + -484).
11
What is (-1 - -1) + (37 - 43)?
-6
What is the value of 7 + -47 - (-105 - -69)?
-4
Evaluate 12 + (-11 - (9 - 5)).
-3
Evaluate (0 + -3 - -6 - (10 + -4)) + -1.
-4
Evaluate 8 - (15 + -6 + -12).
11
(41 - (4 + 28)) + -6
3
What is (8 - (-1 - (0 - 3)) - -18) + -5?
19
Evaluate 0 - -1 - (-19 - (34 - 44)).
10
9 - (9 - (19 + (3 - -2)) - -5)
19
What is the value of 36 + -59 - -20 - -20?
17
Evaluate -12 + 20 - (1 + 23 + -1).
-15
Evaluate 3 - (6 + 9 - 7 - (0 - -11)).
6
What is 323 + -325 - (-12 - -4)?
6
Evaluate (0 - -5) + -11 - 2 - (-13 - 0).
5
Evaluate 2 + -5 + (1 - (-7 - -2)) + -14.
-11
What is 43 + (3 - -24 - 99)?
-29
1 + 13 + (38 - 41)
11
-9 - ((-5 + -1 - 3) + -16 + 10)
6
-1 - 2 - ((-46 - -21) + 36)
-14
Calculate -41 - ((26 - -9) + -46).
-30
What is (-13 - -4) + 6 + 6 + -2?
1
-1 - (-7 + 0) - (1882 + -1876)
0
Evaluate -1 - (0 + 1) - ((-106 - -7) + 96).
1
Evaluate (1 - 33) + (-9 - -21).
-20
Calculate (0 + 9 + (-5 - 0) - -1) + -6.
-1
-14 - (0 - (-1 + 12))
-3
What is 2 - -14 - (-28 + 34)?
10
What is the value of (0 - (-5 - 1 - (5 - 14))) + -5?
-8
What is the value of -7 + (4 - (-1 + -1)) - (-13 + -10)?
22
What is the value of (0 - 6) + -1304 + 1301?
-9
-3 + -1 - 1 - -11
6
What is -14 + 5 - -3 - (-7 + -14)?
15
Evaluate 11 + (-9 + (-14 - -11) - (0 - -22)).
-23
What is -414 - -405 - (-19 - 0)?
10
0 - (9 + -3 - (-2 - -11 - 4))
-1
Calculate 0 - ((2 - -7 - 3) + -24 + 23).
-5
0 + 0 - (67 + -5 - 59)
-3
7 - (4 + (-13 - (-2 - 3))) - 5
6
Calculate -1 - (2 - -1) - -6 - (1 - 21).
22
Calculate 1 + -22 + (1635 - 1596).
18
(-14 - (-7 + -1)) + -3 - 0
-9
What is the value of -12 + (0 - 10) + 14 + -1 + -4?
-13
What is the value of 6 + 4 + (-19 - (13 - 12))?
-10
(-2 - 11) + 2 + 95 + -93
-9
-4 - -12 - (-213 - -194)
27
What is the value of (33 - -1) + -1 - (-9 + 28 + -8)?
22
Evaluate ((8 - -15) + -5 - 7) + -5.
6
What is -2 + (3 + 4 - 2) - (5 - 12)?
10
What is 6 + (-1 + -8 + 13 + -6 - -2)?
6
-21 + 62 + -13 - 25
3
What is the value of (-2 - -1 - (108 + -100)) + 16?
7
(-6 - -2) + 13 + 1 + -6 + 1
5
What is the value of 6 - 6 - (23 + (-15 - -4))?
-12
Calculate -389 - -429 - (32 - -4).
4
Evaluate (-11 + 17 - (14 + -5)) + -11.
-14
Evaluate (-11 - -8) + (7 - 5).
-1
Evaluate -7 - -19 - (15 - -5).
-8
What is (318 - 305) + -1 + 1 + -9?
4
-1 - (3 - (7 - (-6 + 0)))
9
What is the value of (1 - (5 + -5 - 0)) + -20 + 33?
14
Evaluate 21 + -10 + 8 - 11 - 7.
1
What is -7 - (-4 - (3 + -5 + 4))?
-1
-8 + -2 + -9 + 30 + 0
11
Evaluate -14 + 5 - (-9 + 3).
-3
Evaluate 45 + -45 + -25 + 43.
18
What is the value of 166 + -160 - (7 - -1)?
-2
Evaluate 23 + -7 + -36 + 17 + 34.
31
Calculate -3 + 9 + -2 + 2.
6
-2 + 41 + (0 - 3 - 10)
26
Evaluate -8 - -1 - 11 - -34.
16
What is -4 - 9 - (9 + 5) - -3?
-24
What is the value of -186 + 207 + -29 + 6?
-2
(22 - 7) + (-22 - -14)
7
Evaluate 46 + -24 + -1 - (-2 + 3).
20
What is the value of -62 + 70 - (-5 - (-2 - 20))?
-9
What is the value of -17 - (-23 - (-24 + -1))?
-19
Evaluate 12 + 3 - (5 + (-9 + 4 - -2)).
13
Calculate -11 - (12 + -1) - (-7 + 0).
-15
(6 + -20 - -10) + 2 + (15 - 11)
2
What is (-8 - 0) + 93 + -92 - 10?
-17
Calculate -39 + 72 - (15 - -1).
17
-25 - -1 - -14 - -28
18
What is the value of (126 - 142) + -1 + 10?
-7
(16 - 7) + 1 + (-3 - 20)
-13
(-12 - -11) + (-4 - 10 - -11) - 4
-8
What is -17 + -1 - (156 - 168)?
-6
What is 11 + (-15 - 26) - -16?
-14
Calculate 0 - 20 - (1598 + -1617).
-1
What is -5 + (4 - 4) + (-391 - -430)?
34
Evaluate -24 + 18 + 22 + -7 + -18.
-9
Evaluate (8 + (-4 - -3) - 3) + (5 - 1).
8
What is the value of (-8 - (-13 + 0)) + -20?
-15
What is the value of 15 + -2 - (17 + 8 + -10)?
-2
What is (21 - 14) + 65 + -60?
12
What is the value of 10 - (12 - (-9 - -21))?
10
Evaluate (23 - (12 + 7)) + -20 + -3 + 6.
-13
What is (3 - 1) + 0 + 3 + 4 + -13?
-4
What is 16 + -3 - (75 - 91)?
29
What is the value of 26 + -19 - ((3 - 1) + 21)?
-16
Evaluate (0 - -11) + 31 + -44.
-2
(9 - 59) + 12 + -18 + 21
-35
What is 1 + 10 + -5 + 0 + -19?
-13
What is -72 + 71 + (-6 + 3 - -13)?
9
-11 - (1 + -9) - ((0 - 4) + 1)
0
Evaluate -5 + (-1 - -6) + -2 + 11.
9
-2 + (4 + -11 + 4 - -9) + 7
11
What is the value of -10 + 11 + 12 + -14 + -10?
-11
What is (18 - (-3 - -35)) + 13 + 9?
8
What is the value of -1 + (-9 - 9) + -7 + -1 + -1?
-28
What is -23 + (71 - 13) + -34?
1
Calculate (0 - -3) + -19 + (-3 - 2).
-21
What is 0 + 0 + (-2 - -13 - 12)?
-1
Evaluate (20 - 1) + (-151 - -114).
-18
What is 21 + 2 + (4 - 9 - 4)?
14
What is the value of -18 + 18 + 11 + -11?
0
Evaluate -5 + -12 + 4 + (-2 - -22).
7
Calculate 17 - (-56 + 18 + 33).
22
What is 17 + (7 - ((30 - 10) + -14))?
18
What is the value of -22 - (-43 + 20) - 3?
-2
Calculate -2 + (12 + -6 - 2) + 4.
6
Calculate -12 + (22 - (2 - -11)).
-3
Calculate